3/(-2))/((-6)/88) is divided by b.
10
Suppose -5*i + 50 = 5*b, 0*b + 3 = -3*b. What is the remainder when 21 is divided by i?
10
Suppose -9*t + 4*t + 45 = 0. What is the remainder when 17 is divided by t?
8
Let n = -86 + 146. Calculate the remainder when n is divided by 31.
29
Let r = 1 + 5. What is the remainder when r is divided by 2?
0
Suppose -5*f = 5*x - 25 + 5, 0 = 4*x - 8. Suppose f*j - 56 = 16. Calculate the remainder when j is divided by 19.
17
Suppose 2*h - 5 = 19. Let b = -8 + h. Calculate the remainder when 6 is divided by b.
2
Calculate the remainder when 114/15 + (-2)/(-5) is divided by 5.
3
Let z be -2 - (1 - (-1 + 3)). Let g(p) = -3*p. Let n be g(z). Suppose 0*i - 78 = -n*i. What is the remainder when i is divided by 14?
12
Suppose -4*k + 12 = 0, -7 = d + k + 132. Let u = 11 - -13. What is the remainder when (-2)/4*1*d is divided by u?
23
Suppose -2*k + 3*k = -5*u + 60, 3 = u + 2*k. What is the remainder when (-2)/20 + (-1113)/(-30) is divided by u?
11
Let z(q) = -5*q + 3. Let k be z(-4). Suppose -2*m + 2*y = -3*m + k, 4*y - 27 = -m. Let o = -15 - -70. What is the remainder when o is divided by m?
17
Suppose 596 = -12*y + 16*y. Calculate the remainder when y is divided by 38.
35
Suppose -p = -6*p + 15. Suppose -o - p = 4*o + l, -15 = -o + 5*l. Suppose o*h - h = -16. What is the remainder when 46 is divided by h?
14
Let g be -2*(183/6 + -2). Let s = -20 - g. Let v = 16 + -3. Calculate the remainder when s is divided by v.
11
Let b(i) = 3*i**2 + 3*i - 4. Let p be 1/4 - (-145)/(-4). Let m = -25 - p. Calculate the remainder when b(3) is divided by m.
10
Suppose 2*p - 3*p = -31. Suppose -2*t - 86 = -0*z - z, 0 = 5*t + 5*z + 200. Let x = -26 - t. Calculate the remainder when p is divided by x.
15
Let n be 1/(-3) + (-17)/3. Let i be 1/(1 - (-5)/n). Let c(r) = -r**2 + 6*r + 8. What is the remainder when c(i) is divided by 5?
3
Suppose 42 + 0 = 6*j. What is the remainder when 20 is divided by j?
6
What is the remainder when ((-18)/4 - -4)*-62 is divided by 18?
13
Let d(w) = -w**2 + 5*w + 9. What is the remainder when (2/4)/(2/28) is divided by d(6)?
1
Let o be (-1)/(-1 + 20/24). Let p = o - 1. Calculate the remainder when 7 is divided by p.
2
Let t be ((-8)/16)/(2/(-12)). Suppose -t*v + 0*v = -33. Calculate the remainder when 21 is divided by v.
10
Let o(j) = -2*j + 1. Suppose -4*s + 16 = -2*w + 3*w, 44 = 5*w + 2*s. Calculate the remainder when w is divided by o(-2).
3
Suppose -r - 4*r - 47 = -3*g, 4*r + 25 = g. What is the remainder when g is divided by (-16)/6*54/(-24)?
3
Calculate the remainder when 23*2 + -1 + 1 is divided by 4/16 - 126/(-8).
14
Suppose 5*b + 6 = -2*v - 0*v, 0 = 5*b + 4*v + 2. Let q = 5 + -8. Let c = b - q. What is the remainder when c is divided by 1?
0
Suppose 9*t = 159 + 84. Calculate the remainder when t is divided by 16.
11
Let k(m) = -2*m + 3*m**2 - 2*m**2 + 4*m**2 + 3*m**2 + 1. Calculate the remainder when 27 is divided by k(1).
6
Suppose 3*n - 27 = -4*z + 34, -5*z - 5*n = -70. Suppose -2*g - 6 = -3*a + 23, -4*a + 46 = g. Calculate the remainder when z is divided by a.
8
Let z(c) be the second derivative of -c**4/12 - 5*c**3/6 - c**2/2 + 3*c. Let y be z(-3). Suppose 0 = l + y - 64. What is the remainder when l is divided by 20?
19
Suppose -9*d = -626 + 167. What is the remainder when d is divided by 13?
12
Calculate the remainder when 45 is divided by 2*((-3 - -13) + -2).
13
Let s(q) = 3*q + 5. Let y = 1 - -5. What is the remainder when 45 is divided by s(y)?
22
Let r(t) = -7*t + 2. Calculate the remainder when 117 is divided by r(-4).
27
Suppose -4*z + 271 = z - 2*w, -2*z + 2*w + 112 = 0. What is the remainder when z is divided by (-6)/8*(-120)/5?
17
Let v(h) = -9*h**2 + 3*h - 3. Let k(c) = 9*c**2 - 2*c + 2. Let g(z) = 3*k(z) + 2*v(z). Calculate the remainder when g(1) is divided by 6.
3
Suppose -2*y - 3*y = -525. Suppose 4*z + z = y. Calculate the remainder when z is divided by 12.
9
Let v be (-3 - -4)/(2/(-146)). Let f = -41 - v. Calculate the remainder when f is divided by 17.
15
Suppose -3*q = -0*j - 3*j + 63, -3*j = q - 71. What is the remainder when j is divided by 12?
11
Let z = 0 + 1. Let o be (-3)/5 - 52/(-20). Suppose 3 = 3*r, 7*v - 2*r - o = 3*v. What is the remainder when v is divided by z?
0
Let q be ((-7)/3)/(4/(-12)). Let b(u) = -u**3 + 6*u**2 + 7*u + 5. Calculate the remainder when b(q) is divided by 2.
1
Let s(y) = 5*y**3 - 1. Let z(l) = 2*l**3 - 3*l + 1. Let q be z(2). Let f = q + -1. What is the remainder when f is divided by s(1)?
2
Suppose -1 = -5*s + 29. Let y(x) = x**2 - 7*x + 1. Calculate the remainder when y(8) is divided by s.
3
Let k(i) = -3*i**3 - 59*i**2 - 20*i + 6. Let d(j) = -j**3 - 20*j**2 - 7*j + 2. Let a(s) = -17*d(s) + 6*k(s). What is the remainder when 31 is divided by a(-14)?
15
Calculate the remainder when 65 is divided by 17 + (3 + 0 - 3).
14
Let z(p) = -p**3 - 7*p**2 - 4*p + 7. Let a be z(-6). Let w(y) = -y**2 - 11*y + 7. Let x = 32 + -13. What is the remainder when w(a) is divided by x?
18
Suppose -q + 2*d = -14, -5*d - 43 = -0*q - 3*q. Let h = 28 + q. What is the remainder when h is divided by 15?
14
Suppose -5*v + 203 = 3*o, -4*v + 0*v + 188 = -4*o. Suppose 4*l + l = 40. Suppose 5*u + l - v = 0. What is the remainder when u is divided by 3?
1
Let l = -32 - -37. What is the remainder when 12 is divided by l?
2
Let d = 2 + 9. Let z(h) = 2*h - 6. What is the remainder when d is divided by z(5)?
3
Let x = -2 - -4. Suppose -x*p + 9 = p. Let o(y) = y**2 + 6*y - 9. What is the remainder when o(-8) is divided by p?
1
Calculate the remainder when 25 is divided by (-50)/(-7) - (-4)/(-28).
4
Let y(x) = -x**3 + 5*x**2 + 7*x - 2. Let c be y(6). Suppose c*f - 9*f = -85. Let m = f + -10. Calculate the remainder when m is divided by 5.
2
Let d = -2 - -2. Let z be 6/(d - 3/(-8)). Suppose h - z + 3 = 3*u, -2*h + 24 = -4*u. What is the remainder when 18 is divided by h?
8
Let f(r) = 8*r - 21. Let j = -26 + 37. What is the remainder when f(5) is divided by j?
8
Suppose 7*x - 2*x - 2 = 2*c, -3*c = -4*x - 4. Suppose -x*v - j + 5*j + 2 = 0, 0 = 2*v + j - 17. What is the remainder when 11 is divided by v?
4
Calculate the remainder when 19 is divided by (4*(-2)/5)/(4/(-10)).
3
Suppose z + 2*g = 17, -5*z + 3*g + 63 = -61. Suppose 2*v = -3*v + 25, 0 = i - 2*v - 3. Calculate the remainder when z is divided by i.
10
Let q = 9 - -3. Calculate the remainder when ((-4)/q)/((-1)/39) is divided by 4.
1
Suppose 0 = -3*g - i - 3*i - 14, 5*g + 4*i = -10. Let v = -12 - -18. What is the remainder when 47/g - v/4 is divided by 8?
6
Let k(v) = v**3 - 1. Let h(u) = 5*u**3 + 11*u**2 + 9*u - 10. Let b(l) = h(l) - 4*k(l). Calculate the remainder when b(-10) is divided by 2.
0
Suppose 10*j = 6*j + 156. Calculate the remainder when j is divided by 21.
18
Let b(p) = 2*p**3 + 2*p**2 - 1. Calculate the remainder when 11 is divided by b(1).
2
Suppose -4*n - n + 34 = 2*z, -3*z = -n - 85. What is the remainder when 104 is divided by z?
23
Suppose -3*n - n = -12. Suppose -4*v + 34 = 3*a, 0 = n*v - 2*a + 6*a - 29. What is the remainder when 11 is divided by v?
4
Suppose -10*b - 121 = -321. Calculate the remainder when 99 is divided by b.
19
Suppose 3 + 1 = 4*t, -4*v + t + 31 = 0. Calculate the remainder when 51 is divided by v.
3
Let c(m) = 4*m**2 - 3*m + 3. What is the remainder when c(2) is divided by 3?
1
Suppose -3*r + 4*n + 0 + 42 = 0, 0 = 2*n + 6. What is the remainder when 38 is divided by r?
8
Suppose -y = -5*a + 52 + 31, 40 = 2*a + 3*y. Let z = a - -9. Calculate the remainder when z is divided by 7.
5
Suppose 10 + 0 = 2*v. Let c = 11 - v. Calculate the remainder when 10 is divided by c.
4
Let c = 18 + -13. Let j = -14 - -18. What is the remainder when c is divided by j?
1
Suppose 2*a - 6*a = -12. Let i = 5 + a. What is the remainder when 14 is divided by i?
6
Let t(w) = 2*w**2 - 9*w + 8. Let b = -6 + 15. Calculate the remainder when t(b) is divided by 13.
11
Let c(z) = -4 - 4*z**2 + 1 + 3*z**2 + 2*z**2. What is the remainder when 10 is divided by c(3)?
4
Let b(x) = x**2 - 8*x + 7. Let c be b(7). Let t = 7 + c. Calculate the remainder when (-116)/(-6) + 2/(-6) is divided by t.
5
Let l be 189/6*8/(-6). Let n = -28 - l. Calculate the remainder when 27 is divided by n.
13
Calculate the remainder when ((-273)/(